 common divisor of 3728 and 16.
16
Calculate the greatest common divisor of 19250 and 66.
22
What is the greatest common factor of 32 and 16?
16
What is the greatest common divisor of 30 and 222?
6
Calculate the greatest common factor of 416 and 143.
13
Calculate the greatest common factor of 75 and 4225.
25
What is the highest common factor of 19 and 1691?
19
Calculate the highest common divisor of 651 and 22351.
217
What is the highest common factor of 570 and 30?
30
What is the greatest common divisor of 18 and 2466?
18
Calculate the highest common divisor of 1 and 107.
1
Calculate the highest common divisor of 50 and 200.
50
Calculate the greatest common divisor of 164 and 20.
4
What is the greatest common divisor of 3072 and 704?
64
What is the highest common factor of 24 and 9704?
8
Calculate the highest common divisor of 164 and 123.
41
What is the greatest common factor of 152 and 95?
19
What is the greatest common divisor of 352 and 22?
22
Calculate the highest common factor of 1 and 743.
1
Calculate the highest common divisor of 450 and 2300.
50
Calculate the highest common factor of 67 and 18224.
67
What is the greatest common factor of 732 and 44?
4
What is the greatest common divisor of 1221 and 143?
11
Calculate the greatest common divisor of 80 and 135.
5
Calculate the greatest common factor of 16 and 52.
4
What is the highest common divisor of 14 and 4?
2
What is the greatest common divisor of 26 and 754?
26
What is the greatest common factor of 1 and 22?
1
Calculate the highest common factor of 13 and 26.
13
Calculate the highest common factor of 132 and 36.
12
Calculate the greatest common factor of 573 and 69.
3
What is the highest common factor of 22507 and 142?
71
What is the highest common divisor of 2201 and 213?
71
What is the greatest common factor of 5445 and 55?
55
What is the greatest common divisor of 59 and 1121?
59
What is the highest common factor of 72 and 88?
8
Calculate the greatest common factor of 23373 and 98.
49
What is the highest common factor of 116 and 1276?
116
Calculate the highest common factor of 9 and 11.
1
What is the highest common divisor of 637 and 343?
49
What is the highest common factor of 35 and 77?
7
Calculate the highest common factor of 1568 and 8428.
196
Calculate the greatest common factor of 39 and 130.
13
Calculate the highest common factor of 8091 and 3627.
279
Calculate the greatest common divisor of 525 and 65.
5
What is the greatest common factor of 712 and 445?
89
Calculate the greatest common divisor of 7191 and 9.
9
What is the greatest common divisor of 36 and 99?
9
Calculate the greatest common divisor of 10 and 22.
2
What is the greatest common divisor of 48 and 600?
24
Calculate the highest common divisor of 1073 and 37.
37
Calculate the highest common divisor of 33 and 440.
11
What is the highest common divisor of 66 and 4518?
6
What is the highest common factor of 22 and 38?
2
Calculate the highest common divisor of 1363 and 377.
29
Calculate the highest common factor of 2718 and 18.
18
Calculate the highest common divisor of 34041 and 21.
21
Calculate the highest common divisor of 1458 and 648.
162
Calculate the highest common divisor of 510 and 11526.
102
Calculate the greatest common divisor of 108 and 297.
27
What is the highest common factor of 325 and 25?
25
What is the highest common divisor of 99 and 72?
9
Calculate the greatest common factor of 16 and 1544.
8
What is the highest common factor of 56 and 238?
14
Calculate the highest common divisor of 10494 and 234.
18
Calculate the greatest common divisor of 28 and 164.
4
Calculate the highest common divisor of 78 and 663.
39
Calculate the highest common divisor of 1025 and 82.
41
Calculate the highest common factor of 160 and 140.
20
What is the highest common factor of 142 and 639?
71
Calculate the greatest common divisor of 15 and 33555.
15
What is the highest common divisor of 270 and 1050?
30
What is the greatest common divisor of 15 and 33?
3
Calculate the greatest common factor of 630 and 455.
35
Calculate the highest common factor of 45 and 261.
9
What is the greatest common factor of 35 and 53830?
35
Calculate the highest common divisor of 2 and 2326.
2
Calculate the greatest common factor of 7153 and 23.
23
Calculate the highest common factor of 3422 and 1450.
58
What is the greatest common divisor of 64 and 544?
32
What is the greatest common factor of 30 and 375?
15
Calculate the highest common factor of 356 and 2759.
89
Calculate the greatest common divisor of 232 and 174.
58
What is the greatest common factor of 3950 and 316?
158
Calculate the greatest common factor of 21 and 1113.
21
Calculate the greatest common divisor of 10205 and 195.
65
What is the highest common divisor of 23295 and 15?
15
What is the greatest common divisor of 32 and 1024?
32
Calculate the highest common factor of 528 and 33.
33
What is the greatest common factor of 84 and 532?
28
What is the greatest common divisor of 13 and 10361?
13
Calculate the greatest common divisor of 32 and 32.
32
Calculate the greatest common divisor of 96 and 2336.
32
Calculate the highest common factor of 35 and 125.
5
Calculate the highest common factor of 4047 and 228.
57
Calculate the greatest common divisor of 6204 and 528.
132
Calculate the highest common factor of 45 and 5355.
45
Calculate the greatest common divisor of 21 and 329.
7
What is the greatest common divisor of 12 and 4?
4
What is the greatest common divisor of 955 and 5?
5
Calculate the highest common divisor of 980 and 20.
20
Calculate the greatest common factor of 6 and 1014.
6
What is the highest common divisor of 28 and 126?
14
Calculate the highest common divisor of 319 and 377.
29
Calculate the greatest common divisor of 9145 and 1240.
155
Calculate the greatest common factor of 1274 and 196.
98
What is the highest common factor of 8 and 448?
8
What is the highest common divisor of 12 and 156?
12
Calculate the highest common factor of 483 and 1242.
69
Calculate the highest common divisor of 75 and 25.
25
Calculate the highest common factor of 60 and 220.
20
Calculate the highest common factor of 203 and 145.
29
Calculate the greatest common divisor of 101 and 2929.
101
What is the highest common factor of 10 and 62?
2
Calculate the greatest common divisor of 1056 and 192.
96
Calculate the highest common factor of 28 and 476.
28
Calculate the highest common factor of 488 and 366.
122
What is the highest common factor of 7 and 161?
7
What is the highest common factor of 422 and 2?
2
Calculate the greatest common factor of 999 and 9.
9
Calculate the greatest common divisor of 42 and 672.
42
Calculate the highest common divisor of 37 and 41773.
37
Calculate the greatest common factor of 54 and 48.
6
Calculate the highest common factor of 7 and 7168.
7
What is the highest common divisor of 441 and 2499?
147
What is the highest common divisor of 12272 and 624?
208
Calculate the greatest common factor of 1204 and 56.
28
What is the greatest common factor of 123070 and 310?
310
Calculate the highest common factor of 918 and 34.
34
What is the highest common divisor of 319 and 55?
11
What is the highest common factor of 2697 and 93?
93
Calculate the highest common factor of 2 and 257.
1
What is the highest common factor of 140 and 355?
5
What is the highest common divisor of 4 and 32?
4
What is the greatest common divisor of 28 and 896?
28
Calculate the highest common divisor of 825 and 2400.
75
What is the highest common factor of 10 and 2785?
5
What is the highest common factor of 40 and 1000?
40
Calculate the highest common divisor of 4623 and 23.
23
Calculate the highest common factor of 486 and 144.
18
What is the greatest common factor of 19712 and 77?
77
What is the highest common factor of 225 and 25?
25
What is the greatest common divisor of 17 and 7?
1
Calculate the greatest common factor of 67 and 1.
1
Calculate the greatest common factor of 3 and 4440.
3
What is the highest common factor of 320 and 10?
10
Calculate the highest common factor of 1050 and 450.
150
What is the greatest common factor of 23 and 506?
23
Calculate the greatest common factor of 21 and 6.
3
What is the greatest common divisor of 21 and 1442?
7
What is the greatest common divisor of 48 and 